{"id":22,"date":"2023-07-21T01:56:16","date_gmt":"2023-07-21T01:56:16","guid":{"rendered":"https:\/\/themegavias.com\/wp\/pisole\/?page_id=22"},"modified":"2025-12-03T06:39:02","modified_gmt":"2025-12-03T06:39:02","slug":"hakkimizda","status":"publish","type":"page","link":"https:\/\/vegaartajans.com\/?page_id=22","title":{"rendered":"hakk\u0131m\u0131zda"},"content":{"rendered":"\t\t<div data-elementor-type=\"wp-page\" data-elementor-id=\"22\" class=\"elementor elementor-22\">\n\t\t\t\t\t\t<section class=\"elementor-section elementor-top-section elementor-element elementor-element-4474bce9 elementor-section-full_width elementor-section-height-default elementor-section-height-default\" data-id=\"4474bce9\" data-element_type=\"section\" data-settings=\"{&quot;background_background&quot;:&quot;video&quot;,&quot;background_video_link&quot;:&quot;https:\\\/\\\/vegaartajans.com\\\/wp-content\\\/uploads\\\/2025\\\/12\\\/video.mp4&quot;,&quot;background_play_on_mobile&quot;:&quot;yes&quot;}\">\n\t\t\t\t\t\t\t\t<div class=\"elementor-background-video-container\" aria-hidden=\"true\">\n\t\t\t\t\t\t\t\t\t\t\t\t\t<video class=\"elementor-background-video-hosted\" autoplay muted playsinline loop><\/video>\n\t\t\t\t\t\t\t\t\t\t\t<\/div>\n\t\t\t\t\t\t\t\t<div class=\"elementor-container elementor-column-gap-no\">\n\t\t\t\t\t<div class=\"elementor-column elementor-col-100 elementor-top-column elementor-element elementor-element-675c91f3\" data-id=\"675c91f3\" data-element_type=\"column\">\n\t\t\t<div class=\"elementor-widget-wrap elementor-element-populated\">\n\t\t\t\t\t\t<div class=\"elementor-element elementor-element-6ce948cd elementor-widget elementor-widget-heading\" data-id=\"6ce948cd\" data-element_type=\"widget\" data-widget_type=\"heading.default\">\n\t\t\t\t<div class=\"elementor-widget-container\">\n\t\t\t\t\t<h1 class=\"elementor-heading-title elementor-size-default\">hakk\u0131m\u0131zda<\/h1>\t\t\t\t<\/div>\n\t\t\t\t<\/div>\n\t\t\t\t\t<\/div>\n\t\t<\/div>\n\t\t\t\t\t<\/div>\n\t\t<\/section>\n\t\t\t\t<section class=\"elementor-section elementor-top-section elementor-element elementor-element-16f69c0 elementor-section-height-min-height elementor-section-boxed elementor-section-height-default elementor-section-items-middle\" data-id=\"16f69c0\" data-element_type=\"section\">\n\t\t\t\t\t\t<div class=\"elementor-container elementor-column-gap-default\">\n\t\t\t\t\t<div class=\"elementor-column elementor-col-50 elementor-top-column elementor-element elementor-element-3ea2eae\" data-id=\"3ea2eae\" data-element_type=\"column\">\n\t\t\t<div class=\"elementor-widget-wrap elementor-element-populated\">\n\t\t\t\t\t\t<div class=\"elementor-element elementor-element-b746075 elementor-widget elementor-widget-image\" data-id=\"b746075\" data-element_type=\"widget\" data-widget_type=\"image.default\">\n\t\t\t\t<div class=\"elementor-widget-container\">\n\t\t\t\t\t\t\t\t\t\t\t\t\t\t\t<img fetchpriority=\"high\" decoding=\"async\" width=\"575\" height=\"597\" src=\"https:\/\/vegaartajans.com\/wp-content\/uploads\/2025\/12\/Web-Development-Services-Facebook-Post-575-x-597-piksel-575-x-597-piksel-kopyasi-kopyasi.jpg\" class=\"attachment-large size-large wp-image-1396\" alt=\"\" \/>\t\t\t\t\t\t\t\t\t\t\t\t\t\t\t<\/div>\n\t\t\t\t<\/div>\n\t\t\t\t\t<\/div>\n\t\t<\/div>\n\t\t\t\t<div class=\"elementor-column elementor-col-50 elementor-top-column elementor-element elementor-element-e8a334f\" data-id=\"e8a334f\" data-element_type=\"column\">\n\t\t\t<div class=\"elementor-widget-wrap elementor-element-populated\">\n\t\t\t\t\t\t<div class=\"elementor-element elementor-element-081132d elementor-widget elementor-widget-gva-heading-block\" data-id=\"081132d\" data-element_type=\"widget\" data-widget_type=\"gva-heading-block.default\">\n\t\t\t\t<div class=\"elementor-widget-container\">\n\t\t\t\t\t<div class=\"gva-element-gva-heading-block gva-element\">   <div class=\"align-left style-1 widget gsc-heading box-align-left auto-responsive\">\r\n      <div class=\"content-inner\">\r\n         \r\n                  \r\n           \r\n         \r\n                     <h2 class=\"title\">\r\n               <span>Markan\u0131z\u0131 Anl\u0131yoruz, <br>\u00c7\u00fcnk\u00fc Y\u0131llard\u0131r <br>Ayn\u0131 Dili Konu\u015fuyoruz.<\/span>\r\n            <\/h2>\r\n                  \r\n         \r\n         \r\n      <\/div>\r\n   <\/div>\r\n<\/div>\t\t\t\t<\/div>\n\t\t\t\t<\/div>\n\t\t\t\t<div class=\"elementor-element elementor-element-737e542 elementor-widget elementor-widget-heading\" data-id=\"737e542\" data-element_type=\"widget\" data-widget_type=\"heading.default\">\n\t\t\t\t<div class=\"elementor-widget-container\">\n\t\t\t\t\t<h3 class=\"elementor-heading-title elementor-size-default\"><h4 style=\", sans-serif;color: #2E2E2E\">\n  Fikirlerimiz sizi b\u00fcy\u00fctecek\n  <span style=\"font-size: 20px;letter-spacing: 2px\"><\/span>\n<\/h4><\/h3>\t\t\t\t<\/div>\n\t\t\t\t<\/div>\n\t\t\t\t<div class=\"elementor-element elementor-element-15b327e elementor-widget elementor-widget-text-editor\" data-id=\"15b327e\" data-element_type=\"widget\" data-widget_type=\"text-editor.default\">\n\t\t\t\t<div class=\"elementor-widget-container\">\n\t\t\t\t\t\t\t\t\t<p>VegaArt olarak yakla\u015f\u0131k <strong>20 y\u0131ll\u0131k tecr\u00fcbemizle<\/strong>, sadece hizmet de\u011fil; anlay\u0131\u015f, y\u00f6nlendirme ve yarat\u0131c\u0131 ortakl\u0131k sunuyoruz.<br data-start=\"663\" data-end=\"666\" \/><strong>Biz, bir i\u015fi \u201cyapmak\u201d de\u011fil, \u201cdo\u011fru yapmak\u201d i\u00e7in \u00e7al\u0131\u015f\u0131yoruz.<\/strong><\/p>\t\t\t\t\t\t\t\t<\/div>\n\t\t\t\t<\/div>\n\t\t\t\t<div class=\"elementor-element elementor-element-fcf7828 elementor-icon-list--layout-traditional elementor-list-item-link-full_width elementor-widget elementor-widget-icon-list\" data-id=\"fcf7828\" data-element_type=\"widget\" data-widget_type=\"icon-list.default\">\n\t\t\t\t<div class=\"elementor-widget-container\">\n\t\t\t\t\t\t\t<ul class=\"elementor-icon-list-items\">\n\t\t\t\t\t\t\t<li class=\"elementor-icon-list-item\">\n\t\t\t\t\t\t\t\t\t\t<span class=\"elementor-icon-list-text\">\ud83c\udfaf Yarat\u0131c\u0131l\u0131k \u2013 S\u0131radan\u0131 de\u011fil, \u00f6zg\u00fcn\u00fc ar\u0131yoruz.<\/span>\n\t\t\t\t\t\t\t\t\t<\/li>\n\t\t\t\t\t\t\t\t<li class=\"elementor-icon-list-item\">\n\t\t\t\t\t\t\t\t\t\t<span class=\"elementor-icon-list-text\">\ud83e\udde0 Strateji \u2013 Her fikrin arkas\u0131nda net bir plan var.<\/span>\n\t\t\t\t\t\t\t\t\t<\/li>\n\t\t\t\t\t\t\t\t<li class=\"elementor-icon-list-item\">\n\t\t\t\t\t\t\t\t\t\t<span class=\"elementor-icon-list-text\">\ud83e\udd1d G\u00fcven \u2013 Markan\u0131z\u0131 kendi markam\u0131z gibi sahipleniriz.<\/span>\n\t\t\t\t\t\t\t\t\t<\/li>\n\t\t\t\t\t\t<\/ul>\n\t\t\t\t\t\t<\/div>\n\t\t\t\t<\/div>\n\t\t\t\t<div class=\"elementor-element elementor-element-99fe764 elementor-widget elementor-widget-html\" data-id=\"99fe764\" data-element_type=\"widget\" data-widget_type=\"html.default\">\n\t\t\t\t<div class=\"elementor-widget-container\">\n\t\t\t\t\t<a class=\"btn-theme\" href=\"https:\/\/vegaartajans.com\/wp-admin\/post.php?post=541&action=elementor\">\n    Hizmetlerimizi Ke\u015ffedin\n<\/a>\n\n\t\t\t\t<\/div>\n\t\t\t\t<\/div>\n\t\t\t\t\t<\/div>\n\t\t<\/div>\n\t\t\t\t\t<\/div>\n\t\t<\/section>\n\t\t\t\t<section class=\"elementor-section elementor-top-section elementor-element elementor-element-fc463a7 row-wide-1 elementor-section-boxed elementor-section-height-default elementor-section-height-default\" data-id=\"fc463a7\" data-element_type=\"section\" data-settings=\"{&quot;background_background&quot;:&quot;classic&quot;}\">\n\t\t\t\t\t\t<div class=\"elementor-container elementor-column-gap-default\">\n\t\t\t\t\t<div class=\"elementor-column elementor-col-33 elementor-top-column elementor-element elementor-element-7245aaf\" data-id=\"7245aaf\" data-element_type=\"column\">\n\t\t\t<div class=\"elementor-widget-wrap elementor-element-populated\">\n\t\t\t\t\t\t<div class=\"elementor-element elementor-element-4fafb18 elementor-widget elementor-widget-gva-heading-block\" data-id=\"4fafb18\" data-element_type=\"widget\" data-widget_type=\"gva-heading-block.default\">\n\t\t\t\t<div class=\"elementor-widget-container\">\n\t\t\t\t\t<div class=\"gva-element-gva-heading-block gva-element\">   <div class=\"align-left style-1 widget gsc-heading box-align-left auto-responsive\">\r\n      <div class=\"content-inner\">\r\n         \r\n                  \r\n         <div class=\"sub-title\"><span class=\"tagline\">Neden biz?<\/span><\/div>  \r\n         \r\n                     <h2 class=\"title\">\r\n               <span>Markalar Bizi Neden Tercih Ediyor?<\/span>\r\n            <\/h2>\r\n                  \r\n         \r\n         \r\n      <\/div>\r\n   <\/div>\r\n<\/div>\t\t\t\t<\/div>\n\t\t\t\t<\/div>\n\t\t\t\t<section class=\"elementor-section elementor-inner-section elementor-element elementor-element-6c65dea elementor-section-boxed elementor-section-height-default elementor-section-height-default\" data-id=\"6c65dea\" data-element_type=\"section\">\n\t\t\t\t\t\t<div class=\"elementor-container elementor-column-gap-default\">\n\t\t\t\t\t<div class=\"elementor-column elementor-col-100 elementor-inner-column elementor-element elementor-element-fdad4fb\" data-id=\"fdad4fb\" data-element_type=\"column\">\n\t\t\t<div class=\"elementor-widget-wrap elementor-element-populated\">\n\t\t\t\t\t\t<div class=\"elementor-element elementor-element-3dc2eb5 elementor-widget elementor-widget-text-editor\" data-id=\"3dc2eb5\" data-element_type=\"widget\" data-widget_type=\"text-editor.default\">\n\t\t\t\t<div class=\"elementor-widget-container\">\n\t\t\t\t\t\t\t\t\t<p><strong>Y\u0131llard\u0131r birlikte <\/strong>\u00e7al\u0131\u015ft\u0131\u011f\u0131m\u0131z markalar\u0131n memnuniyeti, bizim en b\u00fcy\u00fck referans\u0131m\u0131z.<\/p>\t\t\t\t\t\t\t\t<\/div>\n\t\t\t\t<\/div>\n\t\t\t\t\t<\/div>\n\t\t<\/div>\n\t\t\t\t\t<\/div>\n\t\t<\/section>\n\t\t\t\t\t<\/div>\n\t\t<\/div>\n\t\t\t\t<div class=\"elementor-column elementor-col-66 elementor-top-column elementor-element elementor-element-dd5a4bf\" data-id=\"dd5a4bf\" data-element_type=\"column\">\n\t\t\t<div class=\"elementor-widget-wrap elementor-element-populated\">\n\t\t\t\t\t\t<div class=\"elementor-element elementor-element-64a2f9e elementor-widget elementor-widget-gva-testimonials\" data-id=\"64a2f9e\" data-element_type=\"widget\" data-widget_type=\"gva-testimonials.default\">\n\t\t\t\t<div class=\"elementor-widget-container\">\n\t\t\t\t\t<div class=\"gva-element-gva-testimonials gva-element\">\r\n<div class=\"gsc-testimonial layout-carousel swiper-slider-wrapper style-2 \">\r\n   <div class=\"swiper-content-inner\">\r\n      <div class=\"init-carousel-swiper swiper col-2\" data-carousel=\"{&quot;items&quot;:2,&quot;items_lg&quot;:2,&quot;items_md&quot;:2,&quot;items_sm&quot;:1,&quot;items_xs&quot;:1,&quot;items_xx&quot;:1,&quot;effect&quot;:&quot;slide&quot;,&quot;space_between&quot;:30,&quot;loop&quot;:1,&quot;speed&quot;:1200,&quot;autoplay&quot;:0,&quot;autoplay_delay&quot;:5000,&quot;autoplay_hover&quot;:1,&quot;navigation&quot;:0,&quot;pagination&quot;:0,&quot;dynamic_bullets&quot;:0,&quot;pagination_type&quot;:&quot;bullets&quot;}\">\r\n         <div class=\"swiper-wrapper\">\r\n                           <div class=\"swiper-slide\">\r\n                 <div class=\"testimonial-item style-2 elementor-repeater-item-dfdd2d2\">\r\n   \r\n     \r\n\r\n         <div class=\"testimonial-two__single\">\r\n         <div class=\"testimonial-two__content\">\r\n            <div class=\"testimonial-two__quote\">\r\n               <div class=\"testimonial-two__stars\">\r\n                  <i class=\"fa fa-star\"><\/i>\r\n                  <i class=\"fa fa-star\"><\/i>\r\n                  <i class=\"fa fa-star\"><\/i>\r\n                  <i class=\"fa fa-star\"><\/i>\r\n                  <i class=\"fa fa-star\"><\/i>\r\n               <\/div>\r\n               Web sitemizden ambalajlar\u0131m\u0131za kadar her detayda titiz \u00e7al\u0131\u015ft\u0131lar. En \u00f6nemlisi de her zaman ula\u015f\u0131labilir ve \u00e7\u00f6z\u00fcm odakl\u0131 olmalar\u0131yd\u0131.            <\/div>\r\n            <div class=\"testimonial-two__meta\">\r\n               <div class=\"testimonial-two__image\"><img decoding=\"async\" src=\"https:\/\/vegaartajans.com\/wp-content\/uploads\/2025\/12\/Huseyin_Omeroglu_Profil-copy-1-scaled.png\" alt=\"H\u00fcseyin \u00d6MERO\u011eLU\" \/><\/div>               <div class=\"testimonial-two__information\">\r\n                  <h3 class=\"testimonial-two__name\">H\u00fcseyin \u00d6MERO\u011eLU<\/h3>\r\n                  <div class=\"testimonial-two__job\">Y\u00f6netim kurulu ba\u015fkan yard\u0131mc\u0131s\u0131<\/div>\r\n               <\/div>\r\n            <\/div>\r\n         <\/div>\r\n      <\/div>\r\n     \r\n\r\n    \r\n\r\n<\/div>\r\n\r\n               <\/div>\r\n                           <div class=\"swiper-slide\">\r\n                 <div class=\"testimonial-item style-2 elementor-repeater-item-e8f3849\">\r\n   \r\n     \r\n\r\n         <div class=\"testimonial-two__single\">\r\n         <div class=\"testimonial-two__content\">\r\n            <div class=\"testimonial-two__quote\">\r\n               <div class=\"testimonial-two__stars\">\r\n                  <i class=\"fa fa-star\"><\/i>\r\n                  <i class=\"fa fa-star\"><\/i>\r\n                  <i class=\"fa fa-star\"><\/i>\r\n                  <i class=\"fa fa-star\"><\/i>\r\n                  <i class=\"fa fa-star\"><\/i>\r\n               <\/div>\r\n               Markam\u0131za y\u0131llard\u0131r emek veriyoruz, VegaArt bu eme\u011fi do\u011fru \u015fekilde yans\u0131tt\u0131. Ne istedi\u011fimizi hemen anlay\u0131p bizi hi\u00e7 yormadan y\u00f6nlendirdiler.            <\/div>\r\n            <div class=\"testimonial-two__meta\">\r\n               <div class=\"testimonial-two__image\"><img decoding=\"async\" src=\"https:\/\/vegaartajans.com\/wp-content\/uploads\/2025\/12\/WhatsApp-Image-2025-12-02-at-21.11.32.jpeg\" alt=\"Havva ARDI\u00c7LI\" \/><\/div>               <div class=\"testimonial-two__information\">\r\n                  <h3 class=\"testimonial-two__name\">Havva ARDI\u00c7LI<\/h3>\r\n                  <div class=\"testimonial-two__job\">\u00dcRET\u0130M M\u00dcD\u00dcR\u00dc<\/div>\r\n               <\/div>\r\n            <\/div>\r\n         <\/div>\r\n      <\/div>\r\n     \r\n\r\n    \r\n\r\n<\/div>\r\n\r\n               <\/div>\r\n                     <\/div>\r\n      <\/div>\r\n   <\/div>   \r\n   <div class=\"swiper-pagination\"><\/div>   <\/div>\r\n<\/div>\t\t\t\t<\/div>\n\t\t\t\t<\/div>\n\t\t\t\t\t<\/div>\n\t\t<\/div>\n\t\t\t\t\t<\/div>\n\t\t<\/section>\n\t\t\t\t<section class=\"elementor-section elementor-top-section elementor-element elementor-element-fe5f78b elementor-section-boxed elementor-section-height-default elementor-section-height-default\" data-id=\"fe5f78b\" data-element_type=\"section\" data-settings=\"{&quot;background_background&quot;:&quot;classic&quot;}\">\n\t\t\t\t\t\t\t<div class=\"elementor-background-overlay\"><\/div>\n\t\t\t\t\t\t\t<div class=\"elementor-container elementor-column-gap-default\">\n\t\t\t\t\t<div class=\"elementor-column elementor-col-100 elementor-top-column elementor-element elementor-element-bff2cb0\" data-id=\"bff2cb0\" data-element_type=\"column\">\n\t\t\t<div class=\"elementor-widget-wrap elementor-element-populated\">\n\t\t\t\t\t\t<div class=\"elementor-element elementor-element-6b20e65 elementor-widget elementor-widget-gva-image-content\" data-id=\"6b20e65\" data-element_type=\"widget\" data-widget_type=\"gva-image-content.default\">\n\t\t\t\t<div class=\"elementor-widget-container\">\n\t\t\t\t\t<div class=\"gva-element-gva-image-content gva-element\">\t\t\r\n\t  \r\n\t \r\n\r\n\t \r\n\r\n\t\t\t\t<div class=\"about-three__single\">\r\n\t\t\t\t<div class=\"about-three__wrap\">\r\n\t\t\t\t\t\t<div class=\"rounded-text rotating\">\r\n\t\t\t\t\t\t\t  \t<svg viewBox=\"0 0 100 100\">\r\n\t\t\t\t\t\t\t    \t<path id=\"textPath\" d=\"M 15, 50 a 33,33 0 1,1 66,0 33,33 0 1,1 -66,0\"  stroke=\"\" fill=\"none\" stroke-width=\"0\"><\/path>\r\n\t\t\t\t\t\t\t\t      <text text-anchor=\"start\">\r\n\t\t\t\t\t\t\t\t        <textPath class=\"about-three__coloring\" href=\"#textPath\">vegaart        reklam ajans\u0131<\/textPath>\r\n\t\t\t\t\t\t\t\t      <\/text>\r\n\t\t\t\t\t\t\t  \t<\/svg>\r\n\t\t\t\t\t\t\t<\/div><div class=\"about-three__image\"><img decoding=\"async\" src=\"https:\/\/vegaartajans.com\/wp-content\/uploads\/2023\/09\/Asset-6VegaArt_Ajans_Logo03.png\" alt=\"vegaart        reklam ajans\u0131\" \/><\/div>\t\t\t\t<\/div>\r\n\t\t\t<\/div>\r\n\t \r\n \r\n\r\n  \r\n\r\n \r\n \r\n <\/div>\t\t\t\t<\/div>\n\t\t\t\t<\/div>\n\t\t\t\t<div class=\"elementor-element elementor-element-31e88bc elementor-widget elementor-widget-gva-heading-block\" data-id=\"31e88bc\" data-element_type=\"widget\" data-widget_type=\"gva-heading-block.default\">\n\t\t\t\t<div class=\"elementor-widget-container\">\n\t\t\t\t\t<div class=\"gva-element-gva-heading-block gva-element\">   <div class=\"align-center style-1 widget gsc-heading box-align-center auto-responsive\">\r\n      <div class=\"content-inner\">\r\n         \r\n                  \r\n           \r\n         \r\n                     <h2 class=\"title\">\r\n               <span>Fikrin Do\u011fdu\u011fu Andan, Yay\u0131na Kadar Tek \u00c7at\u0131 Alt\u0131nda.<\/span>\r\n            <\/h2>\r\n                  \r\n         \r\n                     <div class=\"heading-action\">\r\n               \t\t  <a href=\"https:\/\/vegaartajans.com\/?page_id=26\" class=\"btn-cta btn-theme \">\r\n\t\t\t <span>\u00dcCRETS\u0130Z TEKL\u0130F ALIN<\/span>\r\n\t\t  <\/a>\r\n\r\n\t\t              <\/div>\r\n         \r\n      <\/div>\r\n   <\/div>\r\n<\/div>\t\t\t\t<\/div>\n\t\t\t\t<\/div>\n\t\t\t\t\t<\/div>\n\t\t<\/div>\n\t\t\t\t\t<\/div>\n\t\t<\/section>\n\t\t\t\t<\/div>\n\t\t","protected":false},"excerpt":{"rendered":"<p>hakk\u0131m\u0131zda Markan\u0131z\u0131 Anl\u0131yoruz, \u00c7\u00fcnk\u00fc Y\u0131llard\u0131r Ayn\u0131 Dili Konu\u015fuyoruz. Fikirlerimiz sizi b\u00fcy\u00fctecek VegaArt olarak yakla\u015f\u0131k 20 y\u0131ll\u0131k tecr\u00fcbemizle, sadece hizmet de\u011fil; anlay\u0131\u015f, y\u00f6nlendirme ve yarat\u0131c\u0131 ortakl\u0131k sunuyoruz.Biz, bir i\u015fi \u201cyapmak\u201d de\u011fil, \u201cdo\u011fru yapmak\u201d i\u00e7in \u00e7al\u0131\u015f\u0131yoruz. &#x1f3af; Yarat\u0131c\u0131l\u0131k \u2013 S\u0131radan\u0131 de\u011fil, \u00f6zg\u00fcn\u00fc ar\u0131yoruz. &#x1f9e0; Strateji \u2013 Her fikrin arkas\u0131nda net bir plan var. &#x1f91d; G\u00fcven \u2013 Markan\u0131z\u0131 [&hellip;]<\/p>\n","protected":false},"author":1,"featured_media":0,"parent":0,"menu_order":0,"comment_status":"closed","ping_status":"closed","template":"","meta":{"footnotes":""},"class_list":["post-22","page","type-page","status-publish","hentry"],"yoast_head":"<!-- This site is optimized with the Yoast SEO plugin v27.0 - https:\/\/yoast.com\/product\/yoast-seo-wordpress\/ -->\n<title>hakk\u0131m\u0131zda - vegaart<\/title>\n<meta name=\"robots\" content=\"index, follow, max-snippet:-1, max-image-preview:large, max-video-preview:-1\" \/>\n<link rel=\"canonical\" href=\"https:\/\/vegaartajans.com\/?page_id=22\" \/>\n<meta property=\"og:locale\" content=\"tr_TR\" \/>\n<meta property=\"og:type\" content=\"article\" \/>\n<meta property=\"og:title\" content=\"hakk\u0131m\u0131zda - vegaart\" \/>\n<meta property=\"og:description\" content=\"hakk\u0131m\u0131zda Markan\u0131z\u0131 Anl\u0131yoruz, \u00c7\u00fcnk\u00fc Y\u0131llard\u0131r Ayn\u0131 Dili Konu\u015fuyoruz. Fikirlerimiz sizi b\u00fcy\u00fctecek VegaArt olarak yakla\u015f\u0131k 20 y\u0131ll\u0131k tecr\u00fcbemizle, sadece hizmet de\u011fil; anlay\u0131\u015f, y\u00f6nlendirme ve yarat\u0131c\u0131 ortakl\u0131k sunuyoruz.Biz, bir i\u015fi \u201cyapmak\u201d de\u011fil, \u201cdo\u011fru yapmak\u201d i\u00e7in \u00e7al\u0131\u015f\u0131yoruz. &#x1f3af; Yarat\u0131c\u0131l\u0131k \u2013 S\u0131radan\u0131 de\u011fil, \u00f6zg\u00fcn\u00fc ar\u0131yoruz. &#x1f9e0; Strateji \u2013 Her fikrin arkas\u0131nda net bir plan var. &#x1f91d; G\u00fcven \u2013 Markan\u0131z\u0131 [&hellip;]\" \/>\n<meta property=\"og:url\" content=\"https:\/\/vegaartajans.com\/?page_id=22\" \/>\n<meta property=\"og:site_name\" content=\"vegaart\" \/>\n<meta property=\"article:modified_time\" content=\"2025-12-03T06:39:02+00:00\" \/>\n<meta property=\"og:image\" content=\"https:\/\/vegaartajans.com\/wp-content\/uploads\/2025\/12\/Web-Development-Services-Facebook-Post-575-x-597-piksel-575-x-597-piksel-kopyasi-kopyasi.jpg\" \/>\n\t<meta property=\"og:image:width\" content=\"575\" \/>\n\t<meta property=\"og:image:height\" content=\"597\" \/>\n\t<meta property=\"og:image:type\" content=\"image\/jpeg\" \/>\n<meta name=\"twitter:card\" content=\"summary_large_image\" \/>\n<meta name=\"twitter:label1\" content=\"Tahmini okuma s\u00fcresi\" \/>\n\t<meta name=\"twitter:data1\" content=\"1 dakika\" \/>\n<script type=\"application\/ld+json\" class=\"yoast-schema-graph\">{\"@context\":\"https:\/\/schema.org\",\"@graph\":[{\"@type\":\"WebPage\",\"@id\":\"https:\/\/vegaartajans.com\/?page_id=22\",\"url\":\"https:\/\/vegaartajans.com\/?page_id=22\",\"name\":\"hakk\u0131m\u0131zda - vegaart\",\"isPartOf\":{\"@id\":\"https:\/\/vegaartajans.com\/#website\"},\"primaryImageOfPage\":{\"@id\":\"https:\/\/vegaartajans.com\/?page_id=22#primaryimage\"},\"image\":{\"@id\":\"https:\/\/vegaartajans.com\/?page_id=22#primaryimage\"},\"thumbnailUrl\":\"https:\/\/vegaartajans.com\/wp-content\/uploads\/2025\/12\/Web-Development-Services-Facebook-Post-575-x-597-piksel-575-x-597-piksel-kopyasi-kopyasi.jpg\",\"datePublished\":\"2023-07-21T01:56:16+00:00\",\"dateModified\":\"2025-12-03T06:39:02+00:00\",\"breadcrumb\":{\"@id\":\"https:\/\/vegaartajans.com\/?page_id=22#breadcrumb\"},\"inLanguage\":\"tr\",\"potentialAction\":[{\"@type\":\"ReadAction\",\"target\":[\"https:\/\/vegaartajans.com\/?page_id=22\"]}]},{\"@type\":\"ImageObject\",\"inLanguage\":\"tr\",\"@id\":\"https:\/\/vegaartajans.com\/?page_id=22#primaryimage\",\"url\":\"https:\/\/vegaartajans.com\/wp-content\/uploads\/2025\/12\/Web-Development-Services-Facebook-Post-575-x-597-piksel-575-x-597-piksel-kopyasi-kopyasi.jpg\",\"contentUrl\":\"https:\/\/vegaartajans.com\/wp-content\/uploads\/2025\/12\/Web-Development-Services-Facebook-Post-575-x-597-piksel-575-x-597-piksel-kopyasi-kopyasi.jpg\",\"width\":575,\"height\":597},{\"@type\":\"BreadcrumbList\",\"@id\":\"https:\/\/vegaartajans.com\/?page_id=22#breadcrumb\",\"itemListElement\":[{\"@type\":\"ListItem\",\"position\":1,\"name\":\"Anasayfa\",\"item\":\"https:\/\/vegaartajans.com\/\"},{\"@type\":\"ListItem\",\"position\":2,\"name\":\"hakk\u0131m\u0131zda\"}]},{\"@type\":\"WebSite\",\"@id\":\"https:\/\/vegaartajans.com\/#website\",\"url\":\"https:\/\/vegaartajans.com\/\",\"name\":\"vegaart\",\"description\":\"VEGAART\",\"potentialAction\":[{\"@type\":\"SearchAction\",\"target\":{\"@type\":\"EntryPoint\",\"urlTemplate\":\"https:\/\/vegaartajans.com\/?s={search_term_string}\"},\"query-input\":{\"@type\":\"PropertyValueSpecification\",\"valueRequired\":true,\"valueName\":\"search_term_string\"}}],\"inLanguage\":\"tr\"}]}<\/script>\n<!-- \/ Yoast SEO plugin. -->","yoast_head_json":{"title":"hakk\u0131m\u0131zda - vegaart","robots":{"index":"index","follow":"follow","max-snippet":"max-snippet:-1","max-image-preview":"max-image-preview:large","max-video-preview":"max-video-preview:-1"},"canonical":"https:\/\/vegaartajans.com\/?page_id=22","og_locale":"tr_TR","og_type":"article","og_title":"hakk\u0131m\u0131zda - vegaart","og_description":"hakk\u0131m\u0131zda Markan\u0131z\u0131 Anl\u0131yoruz, \u00c7\u00fcnk\u00fc Y\u0131llard\u0131r Ayn\u0131 Dili Konu\u015fuyoruz. Fikirlerimiz sizi b\u00fcy\u00fctecek VegaArt olarak yakla\u015f\u0131k 20 y\u0131ll\u0131k tecr\u00fcbemizle, sadece hizmet de\u011fil; anlay\u0131\u015f, y\u00f6nlendirme ve yarat\u0131c\u0131 ortakl\u0131k sunuyoruz.Biz, bir i\u015fi \u201cyapmak\u201d de\u011fil, \u201cdo\u011fru yapmak\u201d i\u00e7in \u00e7al\u0131\u015f\u0131yoruz. &#x1f3af; Yarat\u0131c\u0131l\u0131k \u2013 S\u0131radan\u0131 de\u011fil, \u00f6zg\u00fcn\u00fc ar\u0131yoruz. &#x1f9e0; Strateji \u2013 Her fikrin arkas\u0131nda net bir plan var. &#x1f91d; G\u00fcven \u2013 Markan\u0131z\u0131 [&hellip;]","og_url":"https:\/\/vegaartajans.com\/?page_id=22","og_site_name":"vegaart","article_modified_time":"2025-12-03T06:39:02+00:00","og_image":[{"width":575,"height":597,"url":"https:\/\/vegaartajans.com\/wp-content\/uploads\/2025\/12\/Web-Development-Services-Facebook-Post-575-x-597-piksel-575-x-597-piksel-kopyasi-kopyasi.jpg","type":"image\/jpeg"}],"twitter_card":"summary_large_image","twitter_misc":{"Tahmini okuma s\u00fcresi":"1 dakika"},"schema":{"@context":"https:\/\/schema.org","@graph":[{"@type":"WebPage","@id":"https:\/\/vegaartajans.com\/?page_id=22","url":"https:\/\/vegaartajans.com\/?page_id=22","name":"hakk\u0131m\u0131zda - vegaart","isPartOf":{"@id":"https:\/\/vegaartajans.com\/#website"},"primaryImageOfPage":{"@id":"https:\/\/vegaartajans.com\/?page_id=22#primaryimage"},"image":{"@id":"https:\/\/vegaartajans.com\/?page_id=22#primaryimage"},"thumbnailUrl":"https:\/\/vegaartajans.com\/wp-content\/uploads\/2025\/12\/Web-Development-Services-Facebook-Post-575-x-597-piksel-575-x-597-piksel-kopyasi-kopyasi.jpg","datePublished":"2023-07-21T01:56:16+00:00","dateModified":"2025-12-03T06:39:02+00:00","breadcrumb":{"@id":"https:\/\/vegaartajans.com\/?page_id=22#breadcrumb"},"inLanguage":"tr","potentialAction":[{"@type":"ReadAction","target":["https:\/\/vegaartajans.com\/?page_id=22"]}]},{"@type":"ImageObject","inLanguage":"tr","@id":"https:\/\/vegaartajans.com\/?page_id=22#primaryimage","url":"https:\/\/vegaartajans.com\/wp-content\/uploads\/2025\/12\/Web-Development-Services-Facebook-Post-575-x-597-piksel-575-x-597-piksel-kopyasi-kopyasi.jpg","contentUrl":"https:\/\/vegaartajans.com\/wp-content\/uploads\/2025\/12\/Web-Development-Services-Facebook-Post-575-x-597-piksel-575-x-597-piksel-kopyasi-kopyasi.jpg","width":575,"height":597},{"@type":"BreadcrumbList","@id":"https:\/\/vegaartajans.com\/?page_id=22#breadcrumb","itemListElement":[{"@type":"ListItem","position":1,"name":"Anasayfa","item":"https:\/\/vegaartajans.com\/"},{"@type":"ListItem","position":2,"name":"hakk\u0131m\u0131zda"}]},{"@type":"WebSite","@id":"https:\/\/vegaartajans.com\/#website","url":"https:\/\/vegaartajans.com\/","name":"vegaart","description":"VEGAART","potentialAction":[{"@type":"SearchAction","target":{"@type":"EntryPoint","urlTemplate":"https:\/\/vegaartajans.com\/?s={search_term_string}"},"query-input":{"@type":"PropertyValueSpecification","valueRequired":true,"valueName":"search_term_string"}}],"inLanguage":"tr"}]}},"_links":{"self":[{"href":"https:\/\/vegaartajans.com\/index.php?rest_route=\/wp\/v2\/pages\/22","targetHints":{"allow":["GET"]}}],"collection":[{"href":"https:\/\/vegaartajans.com\/index.php?rest_route=\/wp\/v2\/pages"}],"about":[{"href":"https:\/\/vegaartajans.com\/index.php?rest_route=\/wp\/v2\/types\/page"}],"author":[{"embeddable":true,"href":"https:\/\/vegaartajans.com\/index.php?rest_route=\/wp\/v2\/users\/1"}],"replies":[{"embeddable":true,"href":"https:\/\/vegaartajans.com\/index.php?rest_route=%2Fwp%2Fv2%2Fcomments&post=22"}],"version-history":[{"count":62,"href":"https:\/\/vegaartajans.com\/index.php?rest_route=\/wp\/v2\/pages\/22\/revisions"}],"predecessor-version":[{"id":1782,"href":"https:\/\/vegaartajans.com\/index.php?rest_route=\/wp\/v2\/pages\/22\/revisions\/1782"}],"wp:attachment":[{"href":"https:\/\/vegaartajans.com\/index.php?rest_route=%2Fwp%2Fv2%2Fmedia&parent=22"}],"curies":[{"name":"wp","href":"https:\/\/api.w.org\/{rel}","templated":true}]}}